se -x - 2*x = -c. List the prime factors of x.
2, 3
What are the prime factors of 57/(12/9 + -1)?
3, 19
Suppose -5*g + 25 = -10. Suppose 3*x = 2*x + g. Let h(w) = 2*w - 7. List the prime factors of h(x).
7
Suppose 4*x = 2*w + 26, 2*w = -7*x + 4*x + 23. List the prime factors of x.
7
Let t be (0 - -3)/(6/4). Suppose 3 = -5*m + 18. Suppose t*f + m*f - 15 = 0. List the prime factors of f.
3
Let x(y) = 2*y - y**3 + 4 + 2*y**2 + 2*y**2 - 6*y. Let q be x(5). Let j = -29 - q. List the prime factors of j.
2, 3
List the prime factors of (18/(-15))/((-12)/280).
2, 7
Let w(p) = 4*p**2 + 4*p - 4. Let k(o) = o - 2. Let g be k(5). List the prime factors of w(g).
2, 11
Let s(p) = 18*p**3 + p**2 - 2*p + 1. Suppose -6 = -5*h - 1. Let f be s(h). Let x = -8 + f. List the prime factors of x.
2, 5
Let n(a) = -3*a - 11. List the prime factors of n(-14).
31
List the prime factors of (-1)/((-1036)/344 + 3).
2, 43
Let q(i) = -i - 7. Let d be q(-10). Suppose 3*k - 54 = 3*g, -k - d*g + 30 = -g. What are the prime factors of k?
2, 11
Let y = -6 - -8. Suppose v = y*v + 5*h - 2, 0 = 2*v - 5*h - 4. What are the prime factors of v?
2
List the prime factors of (-7 - 825/10)/((-1)/2).
179
Let y = 53 - 211. Let q = y - -223. Suppose -4*a + q = -5*l, -a + 4*a - l - 35 = 0. What are the prime factors of a?
2, 5
Suppose -20 = -2*j - 3*o, -5*j - 5*o + 31 = -2*j. What are the prime factors of (j/(-2))/((-2)/4)?
7
Suppose -4*b = -5*b - 5*m - 23, -5*m - 15 = 0. Let l = b + 16. List the prime factors of l.
2
Let y(s) = -69*s. Let j be y(-2). Suppose 10 - j = -4*l - 5*n, -50 = -2*l + n. Let f = l - 17. List the prime factors of f.
2, 5
Suppose 15 + 49 = m. Let g be 4/(-14) - m/(-28). Let n(u) = 2*u**3 - 2*u - 1. What are the prime factors of n(g)?
11
Suppose -3*d = 2*l - 16, -2*d - 10 = -7*d. Suppose -95 = -l*h - 0*h. What are the prime factors of h?
19
Let l(v) = v**2 - 10*v - 6. What are the prime factors of l(12)?
2, 3
Let w = 8 - 4. Suppose 0 = 4*y + y + w*j - 24, -3*j = -5*y + 52. What are the prime factors of y?
2
Suppose -3*l + 887 - 74 = 0. List the prime factors of l.
271
Let z(m) = -m**2 + 10*m - 5. Let s be z(9). Suppose s*i = 2*i + 50. What are the prime factors of i?
5
Let w be (-1 + -1)*7 - 0. What are the prime factors of 3/(-2) + (-427)/w?
29
Let n = 105 - -6. What are the prime factors of n?
3, 37
Let s(d) = 2*d**2 + 18*d + 13. What are the prime factors of s(-12)?
5, 17
Let j = -97 + 137. Suppose -6*s + j = -2*s. List the prime factors of s.
2, 5
Suppose 4*j - 2*a = -12, 5*j - 3*a + 17 - 2 = 0. Let v = -1 - j. List the prime factors of (v/4)/((-1)/(-6)).
3
Let m(u) = 13*u - 7. What are the prime factors of m(2)?
19
Let g be (2/4)/(8/(-112)). Let w(b) = b**2 + 6*b + 3. What are the prime factors of w(g)?
2, 5
Suppose 5*h + s - 9 = -4, 20 = 4*h + 4*s. Let n(r) = -r**2 - r - 23. Let j be n(h). Let y = 38 + j. What are the prime factors of y?
3, 5
Suppose -k = -4*k + 9. Suppose k*u + u - 5*v - 35 = 0, 2*u - 17 = 3*v. List the prime factors of u.
2, 5
Let k(l) = -l + 13. Let z(h) be the first derivative of h**2/2 - 12*h - 3. Let q(i) = -4*k(i) - 5*z(i). What are the prime factors of q(4)?
2
Suppose 0 = 40*t - 37*t - 471. What are the prime factors of t?
157
Suppose -3*u - 1 = 5*f + 1, -4 = 2*f + 2*u. Let i(v) = -6*v**f + 3*v**2 + 2*v**2 + 8*v + 7 - 2*v. What are the prime factors of i(5)?
2, 3
Let s be ((-15)/6)/((-1)/2). Suppose 0 = 3*q + 3*l - 45, 4*q + 3*l = s*q - 19. List the prime factors of q.
2
Suppose 3*y - 52 = 2*y. List the prime factors of y.
2, 13
Suppose -312 = -4*y + 132. List the prime factors of y.
3, 37
Suppose 5*u = -g + 115, 4*u = 3*g - 2*g + 83. Let t = u - -2. What are the prime factors of t?
2, 3
Let w(x) = -8*x**2 - x**3 - 2*x + 2*x + 2*x**2 + 4 - 6*x. What are the prime factors of w(-6)?
2, 5
Let p(v) = 5*v - 5*v + v. What are the prime factors of p(3)?
3
Suppose -p = 3*p - 108. What are the prime factors of p?
3
Let q(s) = -s**3 - 2*s**2 - 3*s - 2. Let b = -4 + 0. Let t be q(b). Suppose i + t = 4*i. What are the prime factors of i?
2, 7
Suppose -17 - 3 = 5*x. Let i = x + 18. What are the prime factors of i?
2, 7
Suppose 0 = -2*r + 9 + 31. Suppose 0 = i + 3*i + r. What are the prime factors of (2 - (-18)/(-5))*i?
2
Suppose -2*i + 101 + 27 = 0. What are the prime factors of i?
2
Suppose a - 15 = -2*z, -4*z = 4*a - 4 - 16. Let p = z + -4. List the prime factors of p.
2, 3
Suppose 0 = 3*g - 3 - 0. List the prime factors of 6/(3/g) - -10.
2, 3
Let a = 9 - -9. List the prime factors of a.
2, 3
Let b(d) = 24*d**2 + d + 1. Let o be b(-1). Suppose -2*v + 71 + 9 = 0. Let x = v - o. List the prime factors of x.
2
Let x(j) = -j**2 - 9*j - 2. Let s be x(-9). Let b be ((-1)/(-4))/(s/(-8)). Let h(c) = 13*c - 1. List the prime factors of h(b).
2, 3
Let l = 0 + -3. Let s = l + -3. Let r(h) = -h**3 - 6*h**2 + 7. List the prime factors of r(s).
7
Let j = -1 - -4. Suppose 5*x + 2*v - 82 = 0, x + 2*v = j*x - 44. What are the prime factors of x?
2, 3
Suppose 4*x + 16 = -c + 4*c, c + 4 = -x. Suppose c = 2*b - 4*b + 30. List the prime factors of b.
3, 5
Let q(r) = -r**2 - 4*r - 2. Let m be q(-2). Suppose -5*s + m*s = -36. List the prime factors of s.
2, 3
Let a(r) be the second derivative of -r**5/2 + r**4/12 + 2*r. Let h be a(-1). Suppose -y = -h + 1. What are the prime factors of y?
2, 5
Let s = 6 + 4. Suppose 21 + 4 = 5*m. Let b = s - m. List the prime factors of b.
5
Let b = -28 - -46. Suppose -3*y + 2*n + 111 = b, 0 = -5*y + 3*n + 155. List the prime factors of y.
31
Suppose -20 = -h + 3. List the prime factors of h.
23
Let x(p) = p**2 + p. Let w be x(-3). Let m(v) = 2*v**2 + 2*v - 2. Let d be m(-2). Suppose 2 + w = d*f. List the prime factors of f.
2
Suppose 0*n - 2*n - 5*u + 283 = 0, -3*u + 289 = 2*n. List the prime factors of n.
149
Suppose -2*j + 64 = 3*z, -5*z + 16 - 144 = -4*j. Let o = j - 53. Let g = o - -32. What are the prime factors of g?
11
Suppose 0 = -5*o + 4 + 6. Suppose -d + 36 = 3*d - o*c, 3*d - 2*c - 27 = 0. What are the prime factors of (-3)/((d/(-6))/3)?
2, 3
Let b be 0/(1/(3 - 4)). Suppose -m + 3*m - 6 = b. List the prime factors of m.
3
Let h(g) = g**2 + g + 1. Let m be h(0). Suppose 5*f = f + 8. List the prime factors of m*f - (4 + -5).
3
Let u = -12 + 3. What are the prime factors of u/(-5)*-1*-5?
3
Suppose -2*x = -5*t - 16, 4*x + 2*t - 10 = t. Suppose 8 + x = s. List the prime factors of s.
11
Let r = 146 + 29. What are the prime factors of r?
5, 7
Suppose -5*r - 2 = 3. Let l(v) = -34*v - 1. Let c be l(r). Suppose q - c = -4*g, 2*g + 0*q - 17 = -q. List the prime factors of g.
2
Suppose 12 = -2*p + 34. What are the prime factors of p?
11
Let j(b) = b + 0*b + 2*b - 4*b + 7. Let a = -2 - -7. List the prime factors of j(a).
2
Suppose -10 = -4*h + q, -2*h - 2*h = 4*q. Suppose -x - h = -8. What are the prime factors of x?
2, 3
Suppose 0 = -6*b + b. Suppose b*l + l = 2. What are the prime factors of ((-9)/l)/((-3)/8)?
2, 3
Let r(x) = -x**3 - 7*x**2 - 7*x - 8. Let m be r(-6). List the prime factors of -41*(1 + m)*1.
41
Let n(x) = -29*x + 3. List the prime factors of n(-10).
293
Suppose -q = 4*l - 4*q - 12, 5*l = 4*q + 16. Suppose -3*u + 2 - 5 = l. What are the prime factors of u + -1 + (2 - -11)?
11
Let l be 434 + 1 - (2 + 1). List the prime factors of (1/2)/(4/l).
2, 3
Let i be 5/2*(2 + 0). Suppose 70 = i*b - m, -2*m + 27 = 2*b - 13. What are the prime factors of b?
3, 5
What are the prime factors of (2592/34)/2 - (-90)/(-765)?
2, 19
Suppose 0*n = 3*n + 51. Let z = n - -25. List the prime factors of z.
2
Let y(j) = -j**3 - 3*j**2 - 3*j - 1. Let p be y(-2). Suppose -2*o - n + p = 3*o, 15 = 3*o - 3*n. Suppose -27 - o = -4*a. What are the prime factors of a?
7
Let a be 1/(-2) - (-90)/20. List the prime factors of 10/4 - a/(-8).
3
Suppose 0 = 2*r + 15 - 9. Let m = 2 - r. List the prime factors of m.
5
Let w be 20/5 - 8/(-4). List the prime factors of 338/w - (-1)/(-3).
2, 7
Suppose -2*x + 2*s = 7*s + 13, 0 = -5*x + s - 19. List the prime factors of (-78)/x*(-2)/(-3).
13
Suppose 13*d = 8*d + 1225. What are the prime factors of d?
5, 7
Suppose -5*v - 44 = -2*u - 4, -5*u + 4*v + 117 = 0. What are the prime factors of u?
5
Suppose -3*q + 5 = -4. Let a be 1 + -2 + q - 2. Suppose a = t + 3, x - 21 = -0*x + 5*t. List the prime factors of x.
2, 3
Suppose -3